{"id":16438,"date":"2023-10-12T09:10:49","date_gmt":"2023-10-12T14:10:49","guid":{"rendered":"https:\/\/www.competencia.com.ec\/corporativo\/?page_id=16438"},"modified":"2024-11-11T14:24:34","modified_gmt":"2024-11-11T19:24:34","slug":"clausula-de-consentimiento","status":"publish","type":"page","link":"https:\/\/www.competencia.com.ec\/corporativo\/clausula-de-consentimiento\/","title":{"rendered":"Cl\u00e1usula de consentimiento"},"content":{"rendered":"\t\t<div data-elementor-type=\"wp-page\" data-elementor-id=\"16438\" class=\"elementor elementor-16438\" data-elementor-settings=\"[]\">\n\t\t\t\t\t\t\t<div class=\"elementor-section-wrap\">\n\t\t\t\t\t\t\t<section class=\"has_ae_slider elementor-section elementor-top-section elementor-element elementor-element-7540bc6 elementor-section-boxed elementor-section-height-default elementor-section-height-default wpr-particle-no wpr-jarallax-no wpr-parallax-no wpr-sticky-section-no ae-bg-gallery-type-default\" data-id=\"7540bc6\" data-element_type=\"section\">\n\t\t\t\t\t\t<div class=\"elementor-container elementor-column-gap-default\">\n\t\t\t\t\t<div class=\"has_ae_slider elementor-column elementor-col-100 elementor-top-column elementor-element elementor-element-5eb7300 ae-bg-gallery-type-default\" data-id=\"5eb7300\" data-element_type=\"column\">\n\t\t\t<div class=\"elementor-widget-wrap elementor-element-populated\">\n\t\t\t\t\t\t\t\t<div class=\"elementor-element elementor-element-0a2c179 elementor-widget elementor-widget-image\" data-id=\"0a2c179\" data-element_type=\"widget\" data-widget_type=\"image.default\">\n\t\t\t\t<div class=\"elementor-widget-container\">\n\t\t\t<style>\/*! elementor - v3.5.6 - 28-02-2022 *\/\n.elementor-widget-image{text-align:center}.elementor-widget-image a{display:inline-block}.elementor-widget-image a img[src$=\".svg\"]{width:48px}.elementor-widget-image img{vertical-align:middle;display:inline-block}<\/style>\t\t\t\t\t\t\t\t\t\t\t\t<img decoding=\"async\" width=\"2560\" height=\"853\" src=\"https:\/\/www.competencia.com.ec\/corporativo\/wp-content\/uploads\/2023\/07\/Employed-branding-reten-a-tus-enpleados-scaled.jpg\" class=\"attachment-full size-full\" alt=\"\" loading=\"lazy\" srcset=\"https:\/\/www.competencia.com.ec\/corporativo\/wp-content\/uploads\/2023\/07\/Employed-branding-reten-a-tus-enpleados-scaled.jpg 2560w, https:\/\/www.competencia.com.ec\/corporativo\/wp-content\/uploads\/2023\/07\/Employed-branding-reten-a-tus-enpleados-960x320.jpg 960w, https:\/\/www.competencia.com.ec\/corporativo\/wp-content\/uploads\/2023\/07\/Employed-branding-reten-a-tus-enpleados-1920x640.jpg 1920w, https:\/\/www.competencia.com.ec\/corporativo\/wp-content\/uploads\/2023\/07\/Employed-branding-reten-a-tus-enpleados-768x256.jpg 768w, https:\/\/www.competencia.com.ec\/corporativo\/wp-content\/uploads\/2023\/07\/Employed-branding-reten-a-tus-enpleados-1536x512.jpg 1536w, https:\/\/www.competencia.com.ec\/corporativo\/wp-content\/uploads\/2023\/07\/Employed-branding-reten-a-tus-enpleados-2048x683.jpg 2048w, https:\/\/www.competencia.com.ec\/corporativo\/wp-content\/uploads\/2023\/07\/Employed-branding-reten-a-tus-enpleados-600x200.jpg 600w\" sizes=\"(max-width: 2560px) 100vw, 2560px\" \/>\t\t\t\t\t\t\t\t\t\t\t\t\t\t\t<\/div>\n\t\t\t\t<\/div>\n\t\t\t\t<div class=\"elementor-element elementor-element-4c5fdcf elementor-widget elementor-widget-text-editor\" data-id=\"4c5fdcf\" data-element_type=\"widget\" data-widget_type=\"text-editor.default\">\n\t\t\t\t<div class=\"elementor-widget-container\">\n\t\t\t<style>\/*! elementor - v3.5.6 - 28-02-2022 *\/\n.elementor-widget-text-editor.elementor-drop-cap-view-stacked .elementor-drop-cap{background-color:#818a91;color:#fff}.elementor-widget-text-editor.elementor-drop-cap-view-framed .elementor-drop-cap{color:#818a91;border:3px solid;background-color:transparent}.elementor-widget-text-editor:not(.elementor-drop-cap-view-default) .elementor-drop-cap{margin-top:8px}.elementor-widget-text-editor:not(.elementor-drop-cap-view-default) .elementor-drop-cap-letter{width:1em;height:1em}.elementor-widget-text-editor .elementor-drop-cap{float:left;text-align:center;line-height:1;font-size:50px}.elementor-widget-text-editor .elementor-drop-cap-letter{display:inline-block}<\/style>\t\t\t\t<p>De conformidad con la Ley Org\u00e1nica de Protecci\u00f3n de Datos Personales (LOPDP), <strong>otorgo mi consentimiento libre, voluntario, espec\u00edfico, informado e inequ\u00edvoco para el tratamiento de mis datos personales por parte de La Competencia S.A.<\/strong>, para que sean almacenados y tratados exclusivamente con el fin de enviar comunicaciones relacionadas con los bienes y servicios que comercializa La Competencia S.A., incluyendo publicidad sobre dichos bienes y servicios, y\/o sobre ofertas, descuentos, promociones, y encuestas de satisfacci\u00f3n. Los datos obtenidos se tratar\u00e1n de conformidad con la LOPDP y con la <span style=\"color: #0a32ab;\"><strong><a style=\"color: #0a32ab;\" href=\"https:\/\/www.competencia.com.ec\/corporativo\/politica-de-proteccion-de-datos\/\">Pol\u00edtica de Protecci\u00f3n de Datos Personales de La Competencia S.A.\u201d .<\/a><\/strong><\/span><\/p>\t\t\t\t\t\t<\/div>\n\t\t\t\t<\/div>\n\t\t\t\t\t<\/div>\n\t\t<\/div>\n\t\t\t\t\t\t\t<\/div>\n\t\t<\/section>\n\t\t\t\t\t\t<\/div>\n\t\t\t\t\t<\/div>\n\t\t","protected":false},"excerpt":{"rendered":"<p>De conformidad con la Ley Org\u00e1nica de Protecci\u00f3n de Datos Personales (LOPDP), otorgo mi consentimiento libre, voluntario, espec\u00edfico, informado e inequ\u00edvoco para el tratamiento de mis datos personales por parte de La Competencia S.A., para que sean almacenados y tratados exclusivamente con el fin de enviar comunicaciones relacionadas con los bienes y servicios que comercializa [&hellip;]<\/p>\n","protected":false},"author":1,"featured_media":0,"parent":0,"menu_order":0,"comment_status":"closed","ping_status":"closed","template":"","meta":[],"yoast_head":"<!-- This site is optimized with the Yoast SEO plugin v20.4 - https:\/\/yoast.com\/wordpress\/plugins\/seo\/ -->\n<title>Cl\u00e1usula de consentimiento - La Competencia S.A<\/title>\n<meta name=\"robots\" content=\"noindex, nofollow\" \/>\n<meta property=\"og:locale\" content=\"es_ES\" \/>\n<meta property=\"og:type\" content=\"article\" \/>\n<meta property=\"og:title\" content=\"Cl\u00e1usula de consentimiento - La Competencia S.A\" \/>\n<meta property=\"og:description\" content=\"De conformidad con la Ley Org\u00e1nica de Protecci\u00f3n de Datos Personales (LOPDP), otorgo mi consentimiento libre, voluntario, espec\u00edfico, informado e inequ\u00edvoco para el tratamiento de mis datos personales por parte de La Competencia S.A., para que sean almacenados y tratados exclusivamente con el fin de enviar comunicaciones relacionadas con los bienes y servicios que comercializa [&hellip;]\" \/>\n<meta property=\"og:url\" content=\"https:\/\/www.competencia.com.ec\/corporativo\/clausula-de-consentimiento\/\" \/>\n<meta property=\"og:site_name\" content=\"La Competencia S.A\" \/>\n<meta property=\"article:publisher\" content=\"https:\/\/www.facebook.com\/lacompetenciasa\/\" \/>\n<meta property=\"article:modified_time\" content=\"2024-11-11T19:24:34+00:00\" \/>\n<meta property=\"og:image\" content=\"https:\/\/www.competencia.com.ec\/corporativo\/wp-content\/uploads\/2023\/07\/Employed-branding-reten-a-tus-enpleados-scaled.jpg\" \/>\n<meta name=\"twitter:card\" content=\"summary_large_image\" \/>\n<meta name=\"twitter:label1\" content=\"Tiempo de lectura\" \/>\n\t<meta name=\"twitter:data1\" content=\"1 minuto\" \/>\n<script type=\"application\/ld+json\" class=\"yoast-schema-graph\">{\"@context\":\"https:\/\/schema.org\",\"@graph\":[{\"@type\":\"WebPage\",\"@id\":\"https:\/\/www.competencia.com.ec\/corporativo\/clausula-de-consentimiento\/\",\"url\":\"https:\/\/www.competencia.com.ec\/corporativo\/clausula-de-consentimiento\/\",\"name\":\"Cl\u00e1usula de consentimiento - La Competencia S.A\",\"isPartOf\":{\"@id\":\"https:\/\/www.competencia.com.ec\/corporativo\/#website\"},\"datePublished\":\"2023-10-12T14:10:49+00:00\",\"dateModified\":\"2024-11-11T19:24:34+00:00\",\"breadcrumb\":{\"@id\":\"https:\/\/www.competencia.com.ec\/corporativo\/clausula-de-consentimiento\/#breadcrumb\"},\"inLanguage\":\"es\",\"potentialAction\":[{\"@type\":\"ReadAction\",\"target\":[\"https:\/\/www.competencia.com.ec\/corporativo\/clausula-de-consentimiento\/\"]}]},{\"@type\":\"BreadcrumbList\",\"@id\":\"https:\/\/www.competencia.com.ec\/corporativo\/clausula-de-consentimiento\/#breadcrumb\",\"itemListElement\":[{\"@type\":\"ListItem\",\"position\":1,\"name\":\"Portada\",\"item\":\"https:\/\/www.competencia.com.ec\/corporativo\/\"},{\"@type\":\"ListItem\",\"position\":2,\"name\":\"Cl\u00e1usula de consentimiento\"}]},{\"@type\":\"WebSite\",\"@id\":\"https:\/\/www.competencia.com.ec\/corporativo\/#website\",\"url\":\"https:\/\/www.competencia.com.ec\/corporativo\/\",\"name\":\"La Competencia S.A\",\"description\":\"Otro sitio realizado con WordPress\",\"publisher\":{\"@id\":\"https:\/\/www.competencia.com.ec\/corporativo\/#organization\"},\"alternateName\":\"competencia.com.ec\",\"potentialAction\":[{\"@type\":\"SearchAction\",\"target\":{\"@type\":\"EntryPoint\",\"urlTemplate\":\"https:\/\/www.competencia.com.ec\/corporativo\/?s={search_term_string}\"},\"query-input\":\"required name=search_term_string\"}],\"inLanguage\":\"es\"},{\"@type\":\"Organization\",\"@id\":\"https:\/\/www.competencia.com.ec\/corporativo\/#organization\",\"name\":\"LA COMPETENCIA S.A.\",\"alternateName\":\"competencia.com.ec\",\"url\":\"https:\/\/www.competencia.com.ec\/corporativo\/\",\"logo\":{\"@type\":\"ImageObject\",\"inLanguage\":\"es\",\"@id\":\"https:\/\/www.competencia.com.ec\/corporativo\/#\/schema\/logo\/image\/\",\"url\":\"https:\/\/www.competencia.com.ec\/corporativo\/wp-content\/uploads\/2022\/03\/cropped-Logo-horizontal-230x35-1.png\",\"contentUrl\":\"https:\/\/www.competencia.com.ec\/corporativo\/wp-content\/uploads\/2022\/03\/cropped-Logo-horizontal-230x35-1.png\",\"width\":230,\"height\":35,\"caption\":\"LA COMPETENCIA S.A.\"},\"image\":{\"@id\":\"https:\/\/www.competencia.com.ec\/corporativo\/#\/schema\/logo\/image\/\"},\"sameAs\":[\"https:\/\/www.facebook.com\/lacompetenciasa\/\"]}]}<\/script>\n<!-- \/ Yoast SEO plugin. -->","yoast_head_json":{"title":"Cl\u00e1usula de consentimiento - La Competencia S.A","robots":{"index":"noindex","follow":"nofollow"},"og_locale":"es_ES","og_type":"article","og_title":"Cl\u00e1usula de consentimiento - La Competencia S.A","og_description":"De conformidad con la Ley Org\u00e1nica de Protecci\u00f3n de Datos Personales (LOPDP), otorgo mi consentimiento libre, voluntario, espec\u00edfico, informado e inequ\u00edvoco para el tratamiento de mis datos personales por parte de La Competencia S.A., para que sean almacenados y tratados exclusivamente con el fin de enviar comunicaciones relacionadas con los bienes y servicios que comercializa [&hellip;]","og_url":"https:\/\/www.competencia.com.ec\/corporativo\/clausula-de-consentimiento\/","og_site_name":"La Competencia S.A","article_publisher":"https:\/\/www.facebook.com\/lacompetenciasa\/","article_modified_time":"2024-11-11T19:24:34+00:00","og_image":[{"url":"https:\/\/www.competencia.com.ec\/corporativo\/wp-content\/uploads\/2023\/07\/Employed-branding-reten-a-tus-enpleados-scaled.jpg"}],"twitter_card":"summary_large_image","twitter_misc":{"Tiempo de lectura":"1 minuto"},"schema":{"@context":"https:\/\/schema.org","@graph":[{"@type":"WebPage","@id":"https:\/\/www.competencia.com.ec\/corporativo\/clausula-de-consentimiento\/","url":"https:\/\/www.competencia.com.ec\/corporativo\/clausula-de-consentimiento\/","name":"Cl\u00e1usula de consentimiento - La Competencia S.A","isPartOf":{"@id":"https:\/\/www.competencia.com.ec\/corporativo\/#website"},"datePublished":"2023-10-12T14:10:49+00:00","dateModified":"2024-11-11T19:24:34+00:00","breadcrumb":{"@id":"https:\/\/www.competencia.com.ec\/corporativo\/clausula-de-consentimiento\/#breadcrumb"},"inLanguage":"es","potentialAction":[{"@type":"ReadAction","target":["https:\/\/www.competencia.com.ec\/corporativo\/clausula-de-consentimiento\/"]}]},{"@type":"BreadcrumbList","@id":"https:\/\/www.competencia.com.ec\/corporativo\/clausula-de-consentimiento\/#breadcrumb","itemListElement":[{"@type":"ListItem","position":1,"name":"Portada","item":"https:\/\/www.competencia.com.ec\/corporativo\/"},{"@type":"ListItem","position":2,"name":"Cl\u00e1usula de consentimiento"}]},{"@type":"WebSite","@id":"https:\/\/www.competencia.com.ec\/corporativo\/#website","url":"https:\/\/www.competencia.com.ec\/corporativo\/","name":"La Competencia S.A","description":"Otro sitio realizado con WordPress","publisher":{"@id":"https:\/\/www.competencia.com.ec\/corporativo\/#organization"},"alternateName":"competencia.com.ec","potentialAction":[{"@type":"SearchAction","target":{"@type":"EntryPoint","urlTemplate":"https:\/\/www.competencia.com.ec\/corporativo\/?s={search_term_string}"},"query-input":"required name=search_term_string"}],"inLanguage":"es"},{"@type":"Organization","@id":"https:\/\/www.competencia.com.ec\/corporativo\/#organization","name":"LA COMPETENCIA S.A.","alternateName":"competencia.com.ec","url":"https:\/\/www.competencia.com.ec\/corporativo\/","logo":{"@type":"ImageObject","inLanguage":"es","@id":"https:\/\/www.competencia.com.ec\/corporativo\/#\/schema\/logo\/image\/","url":"https:\/\/www.competencia.com.ec\/corporativo\/wp-content\/uploads\/2022\/03\/cropped-Logo-horizontal-230x35-1.png","contentUrl":"https:\/\/www.competencia.com.ec\/corporativo\/wp-content\/uploads\/2022\/03\/cropped-Logo-horizontal-230x35-1.png","width":230,"height":35,"caption":"LA COMPETENCIA S.A."},"image":{"@id":"https:\/\/www.competencia.com.ec\/corporativo\/#\/schema\/logo\/image\/"},"sameAs":["https:\/\/www.facebook.com\/lacompetenciasa\/"]}]}},"_links":{"self":[{"href":"https:\/\/www.competencia.com.ec\/corporativo\/wp-json\/wp\/v2\/pages\/16438"}],"collection":[{"href":"https:\/\/www.competencia.com.ec\/corporativo\/wp-json\/wp\/v2\/pages"}],"about":[{"href":"https:\/\/www.competencia.com.ec\/corporativo\/wp-json\/wp\/v2\/types\/page"}],"author":[{"embeddable":true,"href":"https:\/\/www.competencia.com.ec\/corporativo\/wp-json\/wp\/v2\/users\/1"}],"replies":[{"embeddable":true,"href":"https:\/\/www.competencia.com.ec\/corporativo\/wp-json\/wp\/v2\/comments?post=16438"}],"version-history":[{"count":20,"href":"https:\/\/www.competencia.com.ec\/corporativo\/wp-json\/wp\/v2\/pages\/16438\/revisions"}],"predecessor-version":[{"id":21542,"href":"https:\/\/www.competencia.com.ec\/corporativo\/wp-json\/wp\/v2\/pages\/16438\/revisions\/21542"}],"wp:attachment":[{"href":"https:\/\/www.competencia.com.ec\/corporativo\/wp-json\/wp\/v2\/media?parent=16438"}],"curies":[{"name":"wp","href":"https:\/\/api.w.org\/{rel}","templated":true}]}}